igit of 18315?
8
What is the tens digit of 72?
7
What is the tens digit of 808?
0
What is the tens digit of 5233?
3
What is the units digit of 352?
2
What is the tens digit of 696?
9
What is the units digit of 6452?
2
What is the hundreds digit of 9042?
0
What is the hundreds digit of 1943?
9
What is the thousands digit of 12674?
2
What is the thousands digit of 34411?
4
What is the tens digit of 36041?
4
What is the hundreds digit of 124?
1
What is the tens digit of 12263?
6
What is the units digit of 111826?
6
What is the units digit of 32602?
2
What is the hundreds digit of 4935?
9
What is the ten thousands digit of 33031?
3
What is the tens digit of 1398?
9
What is the units digit of 1305?
5
What is the hundreds digit of 10856?
8
What is the hundreds digit of 16215?
2
What is the tens digit of 10293?
9
What is the hundreds digit of 1907?
9
What is the ten thousands digit of 11484?
1
What is the units digit of 9245?
5
What is the hundreds digit of 3234?
2
What is the units digit of 1395?
5
What is the units digit of 14145?
5
What is the units digit of 937?
7
What is the units digit of 11179?
9
What is the units digit of 142?
2
What is the units digit of 12686?
6
What is the thousands digit of 17476?
7
What is the thousands digit of 2429?
2
What is the units digit of 475?
5
What is the hundreds digit of 251?
2
What is the units digit of 12371?
1
What is the tens digit of 2131?
3
What is the thousands digit of 34936?
4
What is the tens digit of 46?
4
What is the thousands digit of 40914?
0
What is the hundreds digit of 116833?
8
What is the tens digit of 1969?
6
What is the units digit of 292?
2
What is the hundreds digit of 880?
8
What is the hundreds digit of 500?
5
What is the units digit of 643?
3
What is the hundreds digit of 9877?
8
What is the hundreds digit of 12041?
0
What is the tens digit of 121324?
2
What is the units digit of 54262?
2
What is the hundreds digit of 1542?
5
What is the thousands digit of 1316?
1
What is the hundreds digit of 3133?
1
What is the thousands digit of 14582?
4
What is the tens digit of 33111?
1
What is the tens digit of 190?
9
What is the hundreds digit of 1411?
4
What is the tens digit of 1949?
4
What is the hundreds digit of 261?
2
What is the hundreds digit of 7069?
0
What is the units digit of 52132?
2
What is the units digit of 5213?
3
What is the tens digit of 4262?
6
What is the units digit of 491?
1
What is the ten thousands digit of 43482?
4
What is the units digit of 683?
3
What is the tens digit of 21819?
1
What is the thousands digit of 4937?
4
What is the hundreds digit of 54294?
2
What is the thousands digit of 6578?
6
What is the tens digit of 2560?
6
What is the hundreds digit of 1829?
8
What is the ten thousands digit of 51129?
5
What is the tens digit of 192?
9
What is the thousands digit of 39602?
9
What is the units digit of 926?
6
What is the units digit of 2744?
4
What is the units digit of 6507?
7
What is the tens digit of 2629?
2
What is the units digit of 6736?
6
What is the units digit of 81470?
0
What is the thousands digit of 50710?
0
What is the thousands digit of 18652?
8
What is the tens digit of 838?
3
What is the hundreds digit of 110475?
4
What is the tens digit of 1116?
1
What is the units digit of 10002?
2
What is the hundreds digit of 655?
6
What is the units digit of 1199?
9
What is the ten thousands digit of 15375?
1
What is the thousands digit of 3250?
3
What is the units digit of 4963?
3
What is the units digit of 2255?
5
What is the units digit of 14374?
4
What is the tens digit of 2464?
6
What is the tens digit of 3470?
7
What is the tens digit of 5105?
0
What is the tens digit of 663?
6
What is the thousands digit of 2815?
2
What is the hundreds digit of 655?
6
What is the units digit of 416?
6
What is the tens digit of 8146?
4
What is the hundreds digit of 2385?
3
What is the ten thousands digit of 21154?
2
What is the hundreds digit of 586?
5
What is the units digit of 14366?
6
What is the tens digit of 1761?
6
What is the thousands digit of 2313?
2
What is the tens digit of 7606?
0
What is the tens digit of 2166?
6
What is the ten thousands digit of 14115?
1
What is the units digit of 8441?
1
What is the tens digit of 2109?
0
What is the hundred thousands digit of 105016?
1
What is the thousands digit of 9294?
9
What is the hundreds digit of 74272?
2
What is the hundreds digit of 447?
4
What is the hundreds digit of 51408?
4
What is the ten thousands digit of 15375?
1
What is the thousands digit of 54126?
4
What is the units digit of 3030?
0
What is the units digit of 11920?
0
What is the units digit of 8395?
5
What is the tens digit of 8618?
1
What is the hundreds digit of 47278?
2
What is the tens digit of 17469?
6
What is the units digit of 29841?
1
What is the units digit of 10722?
2
What is the units digit of 59694?
4
What is the hundreds digit of 2164?
1
What is the tens digit of 2093?
9
What is the hundreds digit of 514?
5
What is the hundreds digit of 11552?
5
What is the hundreds digit of 461?
4
What is the units digit of 1006?
6
What is the thousands digit of 105587?
5
What is the units digit of 34179?
9
What is the units digit of 65998?
8
What is the hundreds digit of 13062?
0
What is the units digit of 407?
7
What is the thousands digit of 1984?
1
What is the hundreds digit of 300?
3
What is the tens digit of 1287?
8
What is the units digit of 18124?
4
What is the hundreds digit of 72786?
7
What is the units digit of 4245?
5
What is the hundreds digit of 7133?
1
What is the ten thousands digit of 46010?
4
What is the ten thousands digit of 11413?
1
What is the hundreds digit of 10244?
2
What is the thousands digit of 6523?
6
What is the tens digit of 38?
3
What is the tens digit of 1616?
1
What is the units digit of 9148?
8
What is the units digit of 120?
0
What is the tens digit of 7245?
4
What is the units digit of 52248?
8
What is the tens digit of 3386?
8
What is the thousands digit of 8729?
8
What is the tens digit of 8499?
9
What is the thousands digit of 7451?
7
What is the tens digit of 10027?
2
What is the ten thousands digit of 38933?
3
What is the tens digit of 3103?
0
What is the thousands digit of 20571?
0
What is the units digit of 1416?
6
What is the tens digit of 1213?
1
What is the tens digit of 84?
8
What is the tens digit of 86?
8
What is the thousands digit of 2161?
2
What is the tens digit of 57438?
3
What is the hundreds digit of 77956?
9
What is the ten thousands digit of 50180?
5
What is the tens digit of 239?
3
What is the hundreds digit of 1933?
9
What is the units digit of 2328?
8
What is the ten thousands digit of 14862?
1
What is the units digit of 1473?
3
What is the units digit of 8593?
3
What is the thousands digit of 5596?
5
What is the tens digit of 4444?
4
What is the thousands digit of 1727?
1
What is the tens digit of 2906?
0
What is the hundreds digit of 377?
3
What is the tens digit of 1505?
0
What is the tens digit of 6932?
3
What is the ten thousands digit of 55409?
5
What is the tens digit of 2535?
3
What is the hundreds digit of 1521?
5
What is the hundreds digit of 184?
1
What is the thousands digit of 12131?
2
What is the units digit of 17823?
3
What is the thousands digit of 36153?
6
What is the tens digit of 463?
6
What is the hundreds digit of 814?
8
What is the tens digit of 21878?
7
What is the ten thousands digit of 23832?
2
What is the ten thousands digit of 90195?
9
What is the thousands digit of 57159?
7
What is the ten thousands digit of 10140?
1
What is the hundreds digit of 1800?
8
What is the units digit of 82058?
8
What is the hundreds digit of 5303?
3
What is the tens digit of 18137?
3
What is the units digit of 53835?
5
What is the thousands digit of 2794?
2
What is the hundreds digit of 2305?
3
What is the tens digit of 439?
3
What is the hundreds digit of 1735?
7
What is the units digit of 4916?
6
What is the units digit of 1440?
0
What is the ten thousands digit of 58975?
5
What is the units digit of 2942?
2
What is the units digit of 142?
2
What is the units digit of 4960?
0
What is the units digit of 3177?
7
What is the tens digit of 710?
1
What is the units digit of 27301?
1
What is the thousands digit of 3961?
3
What is the thousands digit of 1302?
1
What is the tens digit 